 and 1702?
46
Calculate the greatest common factor of 110 and 1078.
22
What is the greatest common divisor of 32960 and 240?
80
Calculate the greatest common divisor of 369 and 41.
41
Calculate the highest common factor of 540 and 420.
60
Calculate the highest common divisor of 61 and 4.
1
What is the highest common factor of 486 and 378?
54
What is the highest common factor of 3149 and 67?
67
What is the greatest common divisor of 12 and 66?
6
What is the greatest common factor of 856 and 3745?
107
What is the highest common factor of 114 and 57?
57
Calculate the greatest common factor of 178 and 2937.
89
Calculate the highest common factor of 22 and 748.
22
Calculate the greatest common divisor of 1326 and 78.
78
What is the greatest common factor of 531 and 45?
9
What is the highest common factor of 1140 and 20?
20
Calculate the greatest common factor of 13819 and 13.
13
Calculate the greatest common factor of 736 and 92.
92
What is the greatest common factor of 9579 and 93?
93
Calculate the greatest common factor of 1 and 3.
1
Calculate the highest common divisor of 3325 and 105.
35
What is the highest common divisor of 48 and 25104?
48
What is the highest common divisor of 168 and 280?
56
Calculate the highest common divisor of 1185 and 11613.
237
What is the greatest common factor of 456 and 57?
57
Calculate the greatest common factor of 4050 and 18.
18
What is the highest common factor of 800 and 2080?
160
What is the greatest common divisor of 13 and 143?
13
Calculate the greatest common factor of 78 and 260.
26
Calculate the highest common factor of 18 and 45.
9
What is the highest common divisor of 55 and 88?
11
What is the greatest common divisor of 512 and 160?
32
Calculate the greatest common factor of 3736 and 16.
8
Calculate the highest common divisor of 325 and 2700.
25
Calculate the highest common factor of 1614 and 6.
6
What is the highest common factor of 630 and 4230?
90
What is the highest common divisor of 8455 and 190?
95
What is the greatest common divisor of 6147 and 72?
9
Calculate the highest common divisor of 3293 and 111.
37
Calculate the highest common divisor of 2241 and 83.
83
Calculate the greatest common factor of 175 and 1715.
35
What is the greatest common factor of 224 and 217?
7
What is the greatest common divisor of 162 and 30?
6
Calculate the highest common factor of 91 and 7.
7
Calculate the greatest common divisor of 15198 and 149.
149
What is the highest common factor of 17835 and 261?
87
What is the greatest common divisor of 189 and 98?
7
What is the highest common factor of 182 and 50?
2
What is the greatest common divisor of 10287 and 81?
81
Calculate the greatest common factor of 74 and 851.
37
Calculate the highest common factor of 374 and 68.
34
What is the highest common factor of 111 and 3?
3
Calculate the greatest common divisor of 1463 and 2717.
209
Calculate the greatest common factor of 22 and 2.
2
What is the greatest common factor of 108 and 252?
36
Calculate the greatest common divisor of 15 and 36.
3
What is the greatest common factor of 64 and 3136?
64
Calculate the highest common divisor of 102 and 3026.
34
What is the greatest common factor of 1056 and 144?
48
What is the greatest common divisor of 1407 and 63?
21
Calculate the highest common factor of 22 and 30.
2
Calculate the greatest common factor of 4 and 34.
2
What is the greatest common divisor of 118940 and 95?
95
Calculate the highest common divisor of 391 and 69.
23
What is the greatest common factor of 76 and 608?
76
What is the greatest common divisor of 370 and 2010?
10
Calculate the highest common factor of 126 and 2814.
42
Calculate the highest common divisor of 10 and 14.
2
What is the greatest common divisor of 413 and 59?
59
What is the greatest common factor of 1134 and 182?
14
Calculate the greatest common factor of 30 and 12990.
30
Calculate the greatest common factor of 10 and 2030.
10
Calculate the greatest common factor of 154 and 693.
77
What is the highest common divisor of 126 and 1533?
21
What is the greatest common divisor of 42 and 4326?
42
Calculate the highest common divisor of 12 and 1206.
6
What is the highest common divisor of 300 and 5925?
75
Calculate the highest common divisor of 3476 and 22.
22
Calculate the highest common factor of 1938 and 190.
38
What is the greatest common divisor of 39 and 2106?
39
What is the greatest common factor of 45 and 5598?
9
Calculate the greatest common divisor of 1535 and 5.
5
Calculate the highest common divisor of 15 and 755.
5
What is the greatest common divisor of 155 and 10?
5
What is the greatest common divisor of 8372 and 4?
4
Calculate the highest common factor of 44 and 9878.
22
What is the highest common divisor of 128 and 416?
32
What is the greatest common divisor of 612 and 17?
17
What is the greatest common factor of 3887 and 1352?
169
What is the greatest common divisor of 32 and 176?
16
What is the greatest common divisor of 102 and 22083?
51
What is the greatest common factor of 31 and 2573?
31
What is the greatest common divisor of 98 and 490?
98
Calculate the highest common factor of 4864 and 95.
19
Calculate the greatest common factor of 2506 and 14.
14
Calculate the highest common factor of 52 and 2262.
26
Calculate the greatest common factor of 1920 and 60.
60
What is the greatest common factor of 2266 and 66?
22
Calculate the highest common divisor of 40 and 435.
5
What is the greatest common divisor of 1027 and 26?
13
Calculate the highest common factor of 245 and 98.
49
What is the greatest common divisor of 36 and 28?
4
Calculate the highest common divisor of 16 and 512.
16
Calculate the highest common factor of 3 and 601.
1
What is the greatest common divisor of 12 and 2532?
12
Calculate the highest common divisor of 143 and 117.
13
What is the greatest common divisor of 1617 and 33?
33
Calculate the greatest common divisor of 8430 and 30.
30
Calculate the highest common divisor of 231 and 28.
7
Calculate the greatest common divisor of 320 and 400.
80
Calculate the highest common factor of 9213 and 166.
83
What is the greatest common divisor of 18 and 288?
18
What is the greatest common divisor of 2 and 921?
1
What is the highest common divisor of 68 and 128?
4
Calculate the highest common factor of 4 and 196.
4
What is the highest common factor of 3372 and 36?
12
What is the greatest common divisor of 4 and 16252?
4
What is the highest common divisor of 69 and 966?
69
What is the highest common factor of 9309 and 4173?
321
What is the greatest common divisor of 3454 and 66?
22
Calculate the highest common factor of 3859 and 153.
17
What is the highest common factor of 686 and 28?
14
Calculate the highest common factor of 2168 and 32.
8
What is the highest common divisor of 5017 and 346?
173
Calculate the highest common factor of 1020 and 60.
60
What is the greatest common divisor of 9876 and 12?
12
Calculate the highest common factor of 720 and 8460.
180
What is the greatest common divisor of 22 and 220?
22
What is the greatest common divisor of 975 and 300?
75
What is the highest common divisor of 42 and 30?
6
Calculate the highest common factor of 10 and 17880.
10
What is the highest common divisor of 9766 and 171?
19
Calculate the greatest common factor of 12 and 372.
12
Calculate the highest common factor of 7 and 679.
7
What is the highest common divisor of 32 and 4?
4
Calculate the greatest common divisor of 2148 and 12.
12
What is the highest common divisor of 533 and 13?
13
What is the highest common divisor of 2436 and 21?
21
Calculate the highest common factor of 132 and 2112.
132
Calculate the highest common factor of 4 and 5294.
2
Calculate the highest common divisor of 54 and 144.
18
What is the highest common divisor of 63 and 1350?
9
Calculate the greatest common divisor of 723 and 1205.
241
Calculate the greatest common divisor of 2535 and 15.
15
Calculate the highest common divisor of 1 and 5.
1
What is the greatest common factor of 16 and 13?
1
Calculate the greatest common divisor of 46 and 16.
2
What is the greatest common divisor of 376 and 8?
8
Calculate the greatest common divisor of 5332 and 1892.
172
Calculate the greatest common factor of 54 and 31698.
54
What is the greatest common divisor of 8 and 158